 2 = y*h. Is h + (-48)/(-26) - (-13706)/26 prime?
False
Suppose 12691 + 14637 = -4*a + 4*z, 3*a + 20499 = 4*z. Let c = 3402 - a. Is c a composite number?
True
Let t = 6213 - 3537. Suppose 7*a - 17 = 11. Suppose 3*b + 4*r = -2*b + 3343, a*b = -4*r + t. Is b prime?
False
Suppose -2*p + 8 = 3*w, p + 3 + 3 = -4*w. Let k(g) = g**2 - 11*g + 12. Let d be k(p). Suppose m - d*c - 3446 = -833, -5*m = c - 13021. Is m a composite number?
True
Let z be (-13 + -2)*(4 - 72/20). Is -9 + ((-13344)/(-6) - z) a prime number?
True
Let b = 291094 - 67707. Is b a composite number?
True
Let d = -63315 - -89652. Suppose 81*m + d = 84*m. Is m a composite number?
False
Let q = 488 + -487. Is q - -14*(-720)/(-8) prime?
False
Suppose 0*o + 4*r + 10 = -o, 0 = -2*o - 2*r - 2. Let q(k) = 28*k**2 - o - 27*k**2 - k + 13*k. Is q(17) composite?
False
Is (1 + 1)/(516/28055694) a prime number?
False
Suppose 14*d = -11*d + 1040600. Suppose -137243 = -3*s - d. Is s prime?
True
Suppose -2*j - 16 = 3*l + 5, -27 = 3*l + 4*j. Let u be 3*(8 + 1 + l). Suppose u*s = 10*s + 718. Is s a composite number?
False
Suppose -4*b + 9028 = -16012. Let l(h) = -8*h**3 - 4*h**2 + 20*h + 21. Let v be l(-1). Suppose -315 = -v*j + b. Is j a composite number?
True
Let q(g) = -62*g**2 + 49*g - 312. Let s(h) = -186*h**2 + 148*h - 937. Let t(w) = -7*q(w) + 2*s(w). Is t(7) a composite number?
False
Let l(x) = 4*x**2 + 19*x + 27. Let n be l(-4). Is 5905/1*(-9)/(-225)*n a composite number?
True
Let m(b) = -1408*b - 183. Let l be m(16). Let i = 41398 + l. Is i a prime number?
False
Let l = 44 - 44. Suppose 3*c - 3*t - 18 = l, -2*c - t - 30 = -6*c. Suppose -r = -123 - c. Is r a composite number?
False
Let n(d) = -d**2 + 8*d + 21. Let x be n(-2). Let p = 451 - 902. Is (x/(-1) - p) + (-15 - -14) prime?
True
Let h = 232000 - 119955. Is h a composite number?
True
Let v = -506 + 298. Let l = v - -517. Suppose -4*d + 2081 = l. Is d a prime number?
True
Is 1117715*(-2 + (66/42)/(15/21)) prime?
True
Suppose 134*k - 6 = 135*k, 0 = -4*g + 2*k + 3575296. Is g a prime number?
True
Suppose 2*x + 4*b = 92898, x + 744*b - 741*b - 46457 = 0. Is x composite?
True
Let m be 46/14 + (-10)/35. Let d = 72 - 66. Is m*5 - d/6 a prime number?
False
Let r = 63522 - -317839. Is r prime?
False
Suppose -d - 7272 = -4*d. Suppose 4*c + d = 4*s, 5*s - 2454 = s - 2*c. Is s composite?
True
Suppose -44 + 19 = -v. Let n = 30 - v. Suppose n*c - 311 = 4*j, -5*c - 5*j + 157 = -2*c. Is c prime?
True
Let i = -90 + 100. Suppose i*a + 54 = a. Is (-4)/a*(-5 - 27845/(-10)) a prime number?
False
Suppose -8*y = 3*y - 41206. Suppose -3*z + y = -1063. Is z composite?
True
Is 6*((-45)/(-585) - 1941947/(-78)) a composite number?
False
Let a(x) = -16*x + 51. Let r be a(3). Suppose c = -r*g + 4448, 58*g + 1486 = 59*g + c. Is g a prime number?
True
Let s be 6 + 32/(-6) - (-8)/6. Let c be -1 + s - (-10)/(70/21). Is (-5 + 14/c)*-502 a composite number?
True
Is 184621247/335 - 12/10 a composite number?
False
Let f be (-12)/32 - (-1060570)/112. Let d = f + -5534. Is d a prime number?
False
Let j = -2 - -3. Let i(n) = 1367*n. Is i(j) composite?
False
Suppose 40*u - 58 - 102 = 0. Suppose 3*x + 2693 = 4*a, -3*a + 2020 = -x + u. Is a a prime number?
False
Let v be (-2880)/50*65/2. Let p = 2753 + v. Suppose -p = -a - 294. Is a a composite number?
False
Let g = 682088 - -298623. Is g a prime number?
True
Suppose -5*r + 109116 + 13287 = 16168. Is r a prime number?
True
Let d(s) = -126*s - 24. Let v be d(4). Let k = v - -2681. Is k a prime number?
True
Suppose 49*w = 41*w + 152. Suppose w*l = 9*l + 152980. Is l composite?
True
Let s be (3/9)/(3/72*2). Suppose 2*h - h - 2*j = 12, -3*h = -s*j - 26. Suppose 0 = h*f - m - 266, -4*m = -f + 5*f - 532. Is f a composite number?
True
Suppose -2*g + 71 = 23. Suppose 10*q = g*q - 15722. Is q a prime number?
True
Let f(w) = 3*w + 54 + 87 - 4*w. Let d = 911 + -911. Is f(d) prime?
False
Let i = -236 - -552. Suppose -3*m + 237 = 5*w, -4*m + 0*w = 5*w - i. Suppose 4885 = m*s - 74*s. Is s prime?
True
Suppose -l - 20 = -3*l + m, -5*m = 20. Suppose l = 3*b - 7. Suppose -6*j - b*j + 25487 = 0. Is j a composite number?
True
Suppose 207*f = 4080072 + 119337. Is f prime?
True
Suppose 0 = -n + q + 115905 + 169672, 5*q - 856731 = -3*n. Is n prime?
False
Let g be 1020/(-140) + 1*(-4)/(-14). Let j(y) be the second derivative of -17*y**3/6 + 6*y**2 - 5*y. Is j(g) prime?
True
Let j(w) = 2*w**2 - 10*w + 15. Let t be j(5). Suppose -9*z = t*z - 10632. Is z a prime number?
True
Let o(k) = 13483*k - 40. Let a be o(4). Let n = a - 34639. Is n a composite number?
True
Let z be (3 - 1) + 1 + 1. Suppose -8*h + 775 = -809. Suppose -z*w + 16 = 0, -h = -3*b - 3*w + 1869. Is b composite?
True
Let s(j) = j**3 - 9*j**2 - 23*j + 11. Let f be s(11). Suppose 4*r - 113 = -3*y, f*y + 12 = 4*y. Let h = r + 93. Is h prime?
False
Suppose 4*k - 40 = -2*t, 2*t + 2*k = -k + 35. Let s(f) be the first derivative of 24*f**2 + 11*f + 2. Is s(t) prime?
True
Let w(m) = 3*m**2 + 35*m + 8. Let f be w(-12). Suppose -f*b + 2454 = -3686. Is b prime?
True
Suppose 5*n = -5*d - 52100, 3*n = n - 5*d - 20834. Let r = n + 17245. Is r prime?
True
Is (1 + 0 - 122202/(-15))/(218/1090) a composite number?
False
Let h(b) = -56*b - 19. Suppose q + 8 = -4*k - 3*q, 5*q + 22 = -k. Suppose -20 = 3*t + t + 4*l, k*t - 2*l + 5 = 0. Is h(t) a prime number?
True
Suppose 0 = 8*i - 451573 + 159389. Is i a composite number?
False
Let d be (-2)/((-8)/(-6))*(-68)/(-51). Let l be (2*2/d)/(3/6). Is 2/l*0 - 463*-1 composite?
False
Let n(p) be the first derivative of 223*p**3/3 + 5*p**2/2 - p + 84. Let h(l) = -l**2 - 7*l - 10. Let z be h(-4). Is n(z) composite?
True
Let d be (-36)/(-198) + (-294255)/(-33). Let u = 15915 - d. Is u prime?
False
Let y = 110595 + -70246. Is y a prime number?
False
Suppose 11*s - 39125 - 70921 + 22783 = 0. Is s prime?
True
Let l = 219 - 200. Is (l/(-38))/(1/(-422)) a prime number?
True
Let g(u) = 14773*u**2 + 144*u - 686. Is g(5) prime?
False
Suppose -6*p + 15*p - 649359 = -60*p. Is p composite?
True
Let x(j) = -4*j**3 + j**2 - 7*j - 8. Let f be x(-1). Suppose 0 = -3*l + 2*r + 14273, 5*l - f*r = l + 19028. Is l a prime number?
True
Let s = 32344 + -21917. Is s a prime number?
True
Suppose g + 1 = l, 0*g = -5*l + 3*g + 1. Let n(a) = -5*a**3 - 2*a**2 - 5*a - 4. Let z be n(l). Suppose z*w + 633 = 7*w. Is w a composite number?
False
Let j be (99/12)/((-4)/16). Let t = j - -37. Is (262/4 - t)*2 prime?
False
Suppose -58*r + 152203 = 113492 - 1483035. Is r a composite number?
False
Suppose 0 = -6*f - 8*f + 14. Is 350/(-15)*-630 - f composite?
False
Let r = 21188 + -11152. Let l = r + -7145. Suppose m = 8*m - l. Is m a prime number?
False
Let c(v) = -19*v - 67. Let r be c(-14). Suppose -208*a + r*a + 39519 = 0. Is a prime?
True
Suppose -992770 = -2*s + 2*f, -17*s - 5*f - 496409 = -18*s. Is s composite?
True
Let k = 882 + -1246. Suppose 0 = -o - 34 + 1. Let g = o - k. Is g composite?
False
Suppose -5*l = -3*d + 112015, 18121 + 26674 = -2*l - d. Let g = -9729 - l. Is g prime?
True
Suppose -16*k - 23247 = -17*k + 4*q, -2*k - 5*q = -46572. Is k a composite number?
True
Suppose -4*s - y + 71 = -25, 0 = -4*s + 4*y + 96. Is (-3452)/s*-2*3 composite?
False
Let m(w) be the third derivative of -w**5/30 - 5*w**4/8 + 38*w**2. Let r be m(-7). Suppose 2*q + 10 = 0, r*x - 3*x + q - 4839 = 0. Is x composite?
True
Suppose -938015 = -24*x + 609577. Is x composite?
False
Suppose -543*i + 14534857 = -346*i. Is i a prime number?
False
Let b = -2820 + 9653. Let x = 10806 - b. Is x a composite number?
True
Let p = -8232 + 21701. Is p composite?
False
Let q = -10 - -4. Let z = 28 + q. Suppose 17 = g - z. Is g a prime number?
False
Suppose 3*u + 3 = -4*q + 17, -u - 2*q + 6 = 0. Suppose -3*l + 3*i + 47745 + 7044 = 0, 3*l = -u*i + 54809. Is l prime?
False
Let a be ((-44)/(-55))/(2/10). Let j be 4/1 - -1*a. Suppose j*w = 10*w - 1526. Is w a prime number?
False
Is 181008 - 1*(-15 + 16) prime?
False
Suppose 0 = 37*k - 39*k - 1024. Let i = 1179 + k. Is i a prime number?
False
Suppose a = -3*d + 31829 + 39705, 0 = 4*d + 20. Is a a prime number?
True
Is (-40)/(-12320)*28 + (-5676032)/(-11) prime?
False
Let d be 8 + -9 + (1 - 1850). Let i be (-33 + 6)*-115 - 0. Let c = d + i. Is c a composite number?
True
Suppose 363*i - 308002 =